{"id":994,"date":"2018-09-25T05:16:21","date_gmt":"2018-09-25T03:16:21","guid":{"rendered":"https:\/\/familien.fr\/?post_type=project&#038;p=994"},"modified":"2018-10-22T16:17:35","modified_gmt":"2018-10-22T14:17:35","slug":"grosse-colere-mireille-dallance","status":"publish","type":"project","link":"https:\/\/familien.fr\/index.php\/project\/grosse-colere-mireille-dallance\/","title":{"rendered":"Grosse col\u00e8re \u2013 Mireille d\u2019Allanc\u00e9"},"content":{"rendered":"<p>[et_pb_section bb_built=\u00a0\u00bb1&Prime;][et_pb_row][et_pb_column type=\u00a0\u00bb1_2&Prime;][et_pb_image _builder_version=\u00a0\u00bb3.17.2&Prime; src=\u00a0\u00bbhttps:\/\/familien.fr\/wp-content\/uploads\/2018\/09\/af05.png\u00a0\u00bb \/][\/et_pb_column][et_pb_column type=\u00a0\u00bb1_2&Prime;][et_pb_text _builder_version=\u00a0\u00bb3.17.2&Prime;]<\/p>\n<h2>Grosse col\u00e8re \u2013 Mireille d\u2019Allanc\u00e9<\/h2>\n<h3>A partir de 3 ans<\/h3>\n<p>La col\u00e8re, cette grosse b\u00eate qui grandit grandit grandit, jusqu\u2019\u00e0 prendre le<br \/>\ncontr\u00f4le de nos actions.<br \/>\nUne mani\u00e8re tr\u00e8s bien imag\u00e9e d\u2019illustrer une des \u00e9motions les plus difficile \u00e0<br \/>\naccepter.<br \/>\nMais heureusement \u00e0 la fin, quand elle est sortie on reprend nos esprits\u00a0!<\/p>\n<p>[\/et_pb_text][et_pb_button _builder_version=\u00a0\u00bb3.17.2&Prime; button_text=\u00a0\u00bbLien\u00a0\u00bb button_url=\u00a0\u00bbhttps:\/\/www.ecoledesloisirs.fr\/livre\/grosse-colere-0&Prime; \/][\/et_pb_column][\/et_pb_row][et_pb_row][et_pb_column type=\u00a0\u00bb4_4&Prime;][et_pb_comments _builder_version=\u00a0\u00bb3.17.2&Prime; \/][\/et_pb_column][\/et_pb_row][\/et_pb_section]<\/p>\n<span class=\"et_bloom_bottom_trigger\"><\/span>","protected":false},"excerpt":{"rendered":"<p><div class=\"et_pb_row et_pb_row_0 et_pb_row_empty\">\n\t\t\t\t\n\t\t\t\t\n\t\t\t\t\n\t\t\t<\/div> Grosse col\u00e8re \u2013 Mireille d\u2019Allanc\u00e9 A partir de 3 ans La col\u00e8re, cette grosse b\u00eate qui grandit grandit grandit, jusqu\u2019\u00e0 prendre le contr\u00f4le de nos actions. Une mani\u00e8re tr\u00e8s bien imag\u00e9e d\u2019illustrer une des \u00e9motions les plus difficile \u00e0 accepter. Mais heureusement \u00e0 la fin, quand elle est sortie on reprend nos esprits\u00a0! <div class=\"et_pb_row et_pb_row_1 et_pb_row_empty\">\n\t\t\t\t\n\t\t\t\t\n\t\t\t\t\n\t\t\t<\/div><\/p>\n","protected":false},"author":1,"featured_media":995,"comment_status":"open","ping_status":"closed","template":"","meta":{"_et_pb_use_builder":"on","_et_pb_old_content":"<p>A partir de 3 ans<br \/>La col\u00e8re, cette grosse b\u00eate qui grandit grandit grandit, jusqu\u2019\u00e0 prendre le<br \/>contr\u00f4le de nos actions.<br \/>Une mani\u00e8re tr\u00e8s bien imag\u00e9e d\u2019illustrer une des \u00e9motions les plus difficile \u00e0<br \/>accepter.<br \/>Mais heureusement \u00e0 la fin, quand elle est sortie on reprend nos esprits\u00a0!<\/p><p>[button link=\"https:\/\/www.ecoledesloisirs.fr\/livre\/grosse-colere-0\"] Lien[\/button]<\/p>","_et_gb_content_width":"","footnotes":""},"project_category":[17,21],"project_tag":[],"class_list":["post-994","project","type-project","status-publish","has-post-thumbnail","hentry","project_category-les-emotions","project_category-les-livres"],"yoast_head":"<!-- This site is optimized with the Yoast SEO plugin v14.9 - https:\/\/yoast.com\/wordpress\/plugins\/seo\/ -->\n<title>Grosse col\u00e8re \u2013 Mireille d\u2019Allanc\u00e9 - Familien<\/title>\n<meta name=\"robots\" content=\"index, follow, max-snippet:-1, max-image-preview:large, max-video-preview:-1\" \/>\n<link rel=\"canonical\" href=\"https:\/\/familien.fr\/index.php\/project\/grosse-colere-mireille-dallance\/\" \/>\n<meta property=\"og:locale\" content=\"fr_FR\" \/>\n<meta property=\"og:type\" content=\"article\" \/>\n<meta property=\"og:title\" content=\"Grosse col\u00e8re \u2013 Mireille d\u2019Allanc\u00e9 - Familien\" \/>\n<meta property=\"og:description\" content=\"Grosse col\u00e8re \u2013 Mireille d\u2019Allanc\u00e9 A partir de 3 ans La col\u00e8re, cette grosse b\u00eate qui grandit grandit grandit, jusqu\u2019\u00e0 prendre le contr\u00f4le de nos actions. Une mani\u00e8re tr\u00e8s bien imag\u00e9e d\u2019illustrer une des \u00e9motions les plus difficile \u00e0 accepter. Mais heureusement \u00e0 la fin, quand elle est sortie on reprend nos esprits\u00a0!\" \/>\n<meta property=\"og:url\" content=\"https:\/\/familien.fr\/index.php\/project\/grosse-colere-mireille-dallance\/\" \/>\n<meta property=\"og:site_name\" content=\"Familien\" \/>\n<meta property=\"article:publisher\" content=\"https:\/\/www.facebook.com\/accueilfamilien\/\" \/>\n<meta property=\"article:modified_time\" content=\"2018-10-22T14:17:35+00:00\" \/>\n<meta property=\"og:image\" content=\"https:\/\/familien.fr\/wp-content\/uploads\/2018\/09\/af05.png\" \/>\n\t<meta property=\"og:image:width\" content=\"340\" \/>\n\t<meta property=\"og:image:height\" content=\"418\" \/>\n<meta name=\"twitter:card\" content=\"summary\" \/>\n<script type=\"application\/ld+json\" class=\"yoast-schema-graph\">{\"@context\":\"https:\/\/schema.org\",\"@graph\":[{\"@type\":\"WebSite\",\"@id\":\"https:\/\/familien.fr\/#website\",\"url\":\"https:\/\/familien.fr\/\",\"name\":\"Familien\",\"description\":\"accompagnement de la famille confront\\u00e9e \\u00e0 l&#039;hospitalisation\",\"potentialAction\":[{\"@type\":\"SearchAction\",\"target\":\"https:\/\/familien.fr\/?s={search_term_string}\",\"query-input\":\"required name=search_term_string\"}],\"inLanguage\":\"fr-FR\"},{\"@type\":\"ImageObject\",\"@id\":\"https:\/\/familien.fr\/index.php\/project\/grosse-colere-mireille-dallance\/#primaryimage\",\"inLanguage\":\"fr-FR\",\"url\":\"https:\/\/familien.fr\/wp-content\/uploads\/2018\/09\/af05.png\",\"width\":340,\"height\":418},{\"@type\":\"WebPage\",\"@id\":\"https:\/\/familien.fr\/index.php\/project\/grosse-colere-mireille-dallance\/#webpage\",\"url\":\"https:\/\/familien.fr\/index.php\/project\/grosse-colere-mireille-dallance\/\",\"name\":\"Grosse col\\u00e8re \\u2013 Mireille d\\u2019Allanc\\u00e9 - Familien\",\"isPartOf\":{\"@id\":\"https:\/\/familien.fr\/#website\"},\"primaryImageOfPage\":{\"@id\":\"https:\/\/familien.fr\/index.php\/project\/grosse-colere-mireille-dallance\/#primaryimage\"},\"datePublished\":\"2018-09-25T03:16:21+00:00\",\"dateModified\":\"2018-10-22T14:17:35+00:00\",\"inLanguage\":\"fr-FR\",\"potentialAction\":[{\"@type\":\"ReadAction\",\"target\":[\"https:\/\/familien.fr\/index.php\/project\/grosse-colere-mireille-dallance\/\"]}]}]}<\/script>\n<!-- \/ Yoast SEO plugin. -->","_links":{"self":[{"href":"https:\/\/familien.fr\/index.php\/wp-json\/wp\/v2\/project\/994","targetHints":{"allow":["GET"]}}],"collection":[{"href":"https:\/\/familien.fr\/index.php\/wp-json\/wp\/v2\/project"}],"about":[{"href":"https:\/\/familien.fr\/index.php\/wp-json\/wp\/v2\/types\/project"}],"author":[{"embeddable":true,"href":"https:\/\/familien.fr\/index.php\/wp-json\/wp\/v2\/users\/1"}],"replies":[{"embeddable":true,"href":"https:\/\/familien.fr\/index.php\/wp-json\/wp\/v2\/comments?post=994"}],"version-history":[{"count":3,"href":"https:\/\/familien.fr\/index.php\/wp-json\/wp\/v2\/project\/994\/revisions"}],"predecessor-version":[{"id":1074,"href":"https:\/\/familien.fr\/index.php\/wp-json\/wp\/v2\/project\/994\/revisions\/1074"}],"wp:featuredmedia":[{"embeddable":true,"href":"https:\/\/familien.fr\/index.php\/wp-json\/wp\/v2\/media\/995"}],"wp:attachment":[{"href":"https:\/\/familien.fr\/index.php\/wp-json\/wp\/v2\/media?parent=994"}],"wp:term":[{"taxonomy":"project_category","embeddable":true,"href":"https:\/\/familien.fr\/index.php\/wp-json\/wp\/v2\/project_category?post=994"},{"taxonomy":"project_tag","embeddable":true,"href":"https:\/\/familien.fr\/index.php\/wp-json\/wp\/v2\/project_tag?post=994"}],"curies":[{"name":"wp","href":"https:\/\/api.w.org\/{rel}","templated":true}]}}

Grosse colère – Mireille d’Allancé

<p>[et_pb_section bb_built= »1&Prime;][et_pb_row][et_pb_column type= »1_2&Prime;][et_pb_image _builder_version= »3.17.2&Prime; src= »https://familien.fr/wp-content/uploads/2018/09/af05.png » /][/et_pb_column][et_pb_column type= »1_2&Prime;][et_pb_text _builder_version= »3.17.2&Prime;]</p>
<h2>Grosse colère – Mireille d’Allancé</h2>
<h3>A partir de 3 ans</h3>
<p>La colère, cette grosse bête qui grandit grandit grandit, jusqu’à prendre le<br />
contrôle de nos actions.<br />
Une manière très bien imagée d’illustrer une des émotions les plus difficile à<br />
accepter.<br />
Mais heureusement à la fin, quand elle est sortie on reprend nos esprits !</p>
<p>[/et_pb_text][et_pb_button _builder_version= »3.17.2&Prime; button_text= »Lien » button_url= »https://www.ecoledesloisirs.fr/livre/grosse-colere-0&Prime; /][/et_pb_column][/et_pb_row][et_pb_row][et_pb_column type= »4_4&Prime;][et_pb_comments _builder_version= »3.17.2&Prime; /][/et_pb_column][/et_pb_row][/et_pb_section]</p>
<span class="et_bloom_bottom_trigger"></span>

<p><div class="et_pb_row et_pb_row_0 et_pb_row_empty">
				
				
				
			</div> Grosse colère – Mireille d’Allancé A partir de 3 ans La colère, cette grosse bête qui grandit grandit grandit, jusqu’à prendre le contrôle de nos actions. Une manière très bien imagée d’illustrer une des émotions les plus difficile à accepter. Mais heureusement à la fin, quand elle est sortie on reprend nos esprits ! <div class="et_pb_row et_pb_row_1 et_pb_row_empty">
				
				
				
			</div></p>

<p>A partir de 3 ans<br />La colère, cette grosse bête qui grandit grandit grandit, jusqu’à prendre le<br />contrôle de nos actions.<br />Une manière très bien imagée d’illustrer une des émotions les plus difficile à<br />accepter.<br />Mais heureusement à la fin, quand elle est sortie on reprend nos esprits !</p><p>[button link="https://www.ecoledesloisirs.fr/livre/grosse-colere-0"] Lien[/button]</p>

<!-- This site is optimized with the Yoast SEO plugin v14.9 - https://yoast.com/wordpress/plugins/seo/ -->
<title>Grosse colère – Mireille d’Allancé - Familien</title>
<meta name="robots" content="index, follow, max-snippet:-1, max-image-preview:large, max-video-preview:-1" />
<link rel="canonical" href="https://familien.fr/index.php/project/grosse-colere-mireille-dallance/" />
<meta property="og:locale" content="fr_FR" />
<meta property="og:type" content="article" />
<meta property="og:title" content="Grosse colère – Mireille d’Allancé - Familien" />
<meta property="og:description" content="Grosse colère – Mireille d’Allancé A partir de 3 ans La colère, cette grosse bête qui grandit grandit grandit, jusqu’à prendre le contrôle de nos actions. Une manière très bien imagée d’illustrer une des émotions les plus difficile à accepter. Mais heureusement à la fin, quand elle est sortie on reprend nos esprits !" />
<meta property="og:url" content="https://familien.fr/index.php/project/grosse-colere-mireille-dallance/" />
<meta property="og:site_name" content="Familien" />
<meta property="article:publisher" content="https://www.facebook.com/accueilfamilien/" />
<meta property="article:modified_time" content="2018-10-22T14:17:35+00:00" />
<meta property="og:image" content="https://familien.fr/wp-content/uploads/2018/09/af05.png" />
	<meta property="og:image:width" content="340" />
	<meta property="og:image:height" content="418" />
<meta name="twitter:card" content="summary" />
<script type="application/ld+json" class="yoast-schema-graph">{"@context":"https://schema.org","@graph":[{"@type":"WebSite","@id":"https://familien.fr/#website","url":"https://familien.fr/","name":"Familien","description":"accompagnement de la famille confront\u00e9e \u00e0 l&#039;hospitalisation","potentialAction":[{"@type":"SearchAction","target":"https://familien.fr/?s={search_term_string}","query-input":"required name=search_term_string"}],"inLanguage":"fr-FR"},{"@type":"ImageObject","@id":"https://familien.fr/index.php/project/grosse-colere-mireille-dallance/#primaryimage","inLanguage":"fr-FR","url":"https://familien.fr/wp-content/uploads/2018/09/af05.png","width":340,"height":418},{"@type":"WebPage","@id":"https://familien.fr/index.php/project/grosse-colere-mireille-dallance/#webpage","url":"https://familien.fr/index.php/project/grosse-colere-mireille-dallance/","name":"Grosse col\u00e8re \u2013 Mireille d\u2019Allanc\u00e9 - Familien","isPartOf":{"@id":"https://familien.fr/#website"},"primaryImageOfPage":{"@id":"https://familien.fr/index.php/project/grosse-colere-mireille-dallance/#primaryimage"},"datePublished":"2018-09-25T03:16:21+00:00","dateModified":"2018-10-22T14:17:35+00:00","inLanguage":"fr-FR","potentialAction":[{"@type":"ReadAction","target":["https://familien.fr/index.php/project/grosse-colere-mireille-dallance/"]}]}]}</script>
<!-- / Yoast SEO plugin. -->
